y y.
13
Let z(h) = 6*h**2 + 55*h + 347. Calculate the remainder when z(-14) is divided by (-235)/(-20) - 4/(-16).
9
Let q be ((-9)/6*1340/15)/2. Let l = q + 89. What is the remainder when 51 is divided by l?
7
Suppose 2*n - g = -1, -3*n - 6 = -3*g + 3. Suppose -t - n*l + 224 = 0, -288 = -3*t - 3*l + 375. Calculate the remainder when t is divided by 20.
18
Suppose 35*y - 30*y = 35. Suppose -2*z - 493 = -y*z + t, -291 = -3*z - t. What is the remainder when z is divided by 11?
10
Suppose 21*z - 53 = 31. Calculate the remainder when 3/4*(z + 356) + -1 is divided by 130.
9
Suppose -b - 33 = -3*a, -229*a + 227*a + 4*b + 22 = 0. Calculate the remainder when 17575 is divided by a.
8
Let v = -34 + 36. Suppose v*s = -2*k - 8, -4*s + 12 = -3*s - 3*k. Suppose 0*m - 4*m + 116 = s. What is the remainder when 82 is divided by m?
24
Let s = -300 + 306. Suppose -4*o = -2*o - s, -2*i + 5*o + 73 = 0. Calculate the remainder when 87 is divided by i.
43
Let c = 14420 - 14282. Calculate the remainder when 1235 is divided by c.
131
Let q(c) = -557*c - 3993. Calculate the remainder when 472 is divided by q(-8).
9
Let k(q) = 3*q - 51. Let w be k(-5). Let t = w - -81. Calculate the remainder when (-6 - 1)*(-12)/3 is divided by t.
13
Suppose p = -5*v + 187, -156 = -p + 5*v + 91. Calculate the remainder when p is divided by 84.
49
Let t(c) = 2*c**2 + c - 3. Let b be (-19)/(-4) - 13/(-52). Suppose b*s - 18*s + 923 = 0. What is the remainder when s is divided by t(-3)?
11
Suppose -q - 5 + 4 = 4*n, 2*n = 3*q - 39. Suppose -q = o - 23. What is the remainder when 94 is divided by 18/o + (-38)/(-4)?
6
Let c(o) be the third derivative of 0 + 5/12*o**4 + 0*o + 2*o**2 + 1/6*o**3. What is the remainder when c(1) is divided by 4?
3
Suppose 2*i + 116 + 76 = 0. Let u be (-2 - i/40)/((-1)/(-5)). Suppose t + 4*y = -4, -7*y = u*t - 6*y - 20. What is the remainder when 23 is divided by t?
11
Let m = 30078 + -6636. Calculate the remainder when m is divided by 19.
15
Let r be (-5 - -3) + 4*(3 - 2). Suppose -112 = r*n + 6*n. Let b(m) = -m + 7. What is the remainder when b(n) is divided by 12?
9
Suppose -900 = 157*p - 2784. Calculate the remainder when 393 is divided by p.
9
Suppose -81*h + 570415 = -334129 - 294175. Calculate the remainder when h is divided by 200.
199
Suppose 2*l - 2*j + 1096 = -2*l, -5*j = 2*l + 548. Let t = -149 - l. Calculate the remainder when t is divided by 14.
13
Suppose -333 + 102 = 3*f. Let p = 87 + f. Suppose -p*h + 139 = -131. What is the remainder when h is divided by 17?
10
Suppose -3*z + 57 = 3*i, -205*i = -203*i + 3*z - 44. Calculate the remainder when 311 is divided by i.
12
Suppose -26*b + 50688 = 172*b. Suppose 0 = -6*w + 10*w - 148. What is the remainder when b is divided by w?
34
Let n(o) = o**3 - 6*o**2 - 121*o - 20. What is the remainder when n(-6) is divided by 58?
42
Let g = 6038 - -6414. What is the remainder when g is divided by 9?
5
Let y = -270 - -454. Let a = y + -167. Calculate the remainder when 47 is divided by a.
13
Let f(d) = 25*d**2 - d. Suppose 0 = 3*s + p - 1, -p + 10 - 4 = -2*s. Calculate the remainder when 126 is divided by f(s).
22
Suppose 0 = -13*b + 138 + 304. Let h = 1418 + -1010. Suppose 4*u - h = 5*f, u = -2*u + 3*f + 303. Calculate the remainder when u is divided by b.
29
Let h(a) = a + 31. Suppose -11 = -k - 3. Calculate the remainder when h(-14) is divided by 3/(k/(-3) + 3).
8
Let j(f) be the first derivative of -4*f**3 + 22 - 1/4*f**4 + 0*f**2 + 19*f. What is the remainder when j(-12) is divided by 9?
1
Let a(o) = 2*o + 15. Let i be a(-6). Let r be i/(-1) + 7/((-7)/(-30)). Suppose y - 6 = 4*h, 2*y - 3*h + r = 3*y. What is the remainder when 65 is divided by y?
11
What is the remainder when 7 + (6/(-9) - (-3142)/6) is divided by 89?
85
Let w = 523 + -519. Suppose -6*z - 26 = -188. Calculate the remainder when z is divided by w.
3
Let b(n) = 743*n**2 - 457*n + 2. Calculate the remainder when 1097 is divided by b(1).
233
Let f = -58 + 135. Let t = 448144 + -448124. Calculate the remainder when f is divided by t.
17
Calculate the remainder when 512 - (12 + -6) - (-1 - -3) is divided by 244.
16
Let j be ((-1)/3)/((-8945)/2235 - -4). Let o = 77 - j. Calculate the remainder when (2 - o/(-15))/((-2)/30) is divided by 14.
0
Suppose 3*d + 40 = 5*t - 49, 63 = 3*t + 3*d. Let h be ((-36)/(-4))/(3/191). Let n = h + -561. Calculate the remainder when t is divided by n.
7
Suppose 0 = j - 4*j - 3. Let r be 8/(-4)*(0 + j/2). Calculate the remainder when 65 is divided by 1 - (r - 33) - 0.
32
Suppose 0*y + 846 + 958 = 11*y. What is the remainder when y is divided by 24?
20
Suppose g = 2*b + 119 - 54, 4*g - 4*b - 276 = 0. What is the remainder when 379 is divided by g?
14
Let t(j) = 7*j + 40. Let y be t(0). Calculate the remainder when (225/18 + 1)/(6/y) is divided by 52.
38
Suppose 153 + 305 = 2*i - 4*b, i - 257 = -5*b. Calculate the remainder when i is divided by 20.
17
Suppose 1168 = 15*k - 32. Calculate the remainder when k is divided by 61.
19
Let b = -150 - -217. Let j = b + -19. Calculate the remainder when (-2 + (-74)/8)/((-12)/j) is divided by 16.
13
Suppose -i + 5*d + 125 = 0, 0 = -5*i - 5*d + 2*d + 485. Let k = 49 + -33. Suppose i = 14*s + k. What is the remainder when 51 is divided by s?
3
Let x = 5990 + -5976. Let t(w) = 72*w - 3. Let u(z) = 24*z - 1. Let g(o) = -4*t(o) + 11*u(o). Calculate the remainder when g(-2) is divided by x.
7
Calculate the remainder when (-234180)/(-102) + (-38)/(-323) is divided by 52.
8
Suppose 0 = -3*s - 3*o + 1069 - 112, 0 = 2*s - 3*o - 653. What is the remainder when 82 is divided by -1 + 1 + s/23?
12
Suppose r - 2*v = 3*v + 24, 94 = 5*r + v. Let n(m) = -m**3 - 188*m**2 + 1164*m + 26. Calculate the remainder when n(6) is divided by r.
7
Suppose -30*n + 54484 + 11516 = 0. Suppose 31*u + 24*u - n = 0. What is the remainder when 398 is divided by u?
38
Suppose -14 = 5*v + 61. Let l = 4 - v. Let c = -17 + l. What is the remainder when 6 is divided by c?
0
Suppose 3*x = 2*t - 16, 2*t + 10*x - 5*x = -16. Calculate the remainder when (-203 - 0)*(3 + (t - 6)) is divided by 34.
33
Suppose -210 = -26*u + 15*u - 24*u. Calculate the remainder when 116 is divided by u.
2
Let h = -192 + 232. Let b(q) = -q**2 - q + 6. Let u be b(-3). What is the remainder when 31 is divided by (36/20 - u)/(4/h)?
13
Suppose 3*z = 3*p + 132 + 186, -3*z + 316 = -2*p. Calculate the remainder when 323 is divided by z.
11
Let y(c) = c. Let l(q) = q**3 - 15*q**2 + 18*q - 11. Let a(p) = -l(p) + 5*y(p). What is the remainder when 3/(-3*4) - 386/(-8) is divided by a(14)?
23
Let d(q) be the second derivative of q**3/3 + 21*q**2 + 103*q. Let t(y) = -2*y**2 + 6*y - 9. Let c be t(3). Calculate the remainder when 40 is divided by d(c).
16
Suppose -h - 111 = -4*h. Let o(c) = 2*c**2 - 41*c + 375. Calculate the remainder when o(17) is divided by h.
34
Calculate the remainder when 135 is divided by 430/(-4)*(-7 + 1635/75 + -16).
6
Let h be -2*-4*3/12. Suppose 63 = b - i - i, -5*b + h*i + 283 = 0. What is the remainder when b is divided by 29?
26
Let q(c) = c + 13. Let v be q(-8). Suppose v*s = -3*h + 32, -3*s + 20 = 4*h - 3*h. What is the remainder when (-12)/9*(-30)/2 is divided by s?
6
Calculate the remainder when (9 - 2)/(-7)*402/(-12)*2 is divided by (-68)/(-5) + (-2)/(-5).
11
What is the remainder when 642 is divided by (-33441)/(-781) - (-4)/22?
40
Let h = 38 + -24. Let s(n) = 2*n**2 + 11*n - 185. What is the remainder when s(8) is divided by h?
3
Let u(c) be the first derivative of -5*c**4/4 - 8*c**3 + 5*c**2/2 + 13*c + 4. Calculate the remainder when u(-6) is divided by 29.
25
Suppose 6*d - 8248 = 3128. Suppose -26*w = -18*w - d. Calculate the remainder when w is divided by 81.
75
Suppose m + 12 = -3*t, -m + 8 + 4 = -3*t. Suppose m = -6*f + 398 - 200. Calculate the remainder when f is divided by 4.
1
Let i(m) = 0*m**2 + m**2 + m**2 - 4. Let f(k) = 8*k**3 - 74*k**2 + 8*k + 96. What is the remainder when i(-3) is divided by f(9)?
2
Let j = 137 - -3. Let u = -129 + j. What is the remainder when 3*14 - (-1 - -2) is divided by u?
8
Let c = 19 + -22. Let a be -41*(c - -1)/1. Let o = a - 76. What is the remainder when 35 is divided by o?
5
Suppose -2*l = -2*s - 2, 4*l + 2 = 3*s + 8. Suppose l*u - 2 = -11. What is the remainder when (225/12 + u)/(9